{"id":2682,"date":"2021-06-29T16:16:40","date_gmt":"2021-06-29T16:16:40","guid":{"rendered":"https:\/\/www.aticelca.it\/1\/?page_id=2682"},"modified":"2021-07-02T10:21:13","modified_gmt":"2021-07-02T10:21:13","slug":"temi-prioritari","status":"publish","type":"page","link":"https:\/\/www.aticelca.it\/1\/borsa-di-studio\/temi-prioritari\/","title":{"rendered":"Temi prioritari"},"content":{"rendered":"\n<style type=\"text\/css\" data-created_by=\"avia_inline_auto\" id=\"style-css-av-kqi8nwfs-f08a42478a2515b29b787815a7ff382e\">\n#top .av-special-heading.av-kqi8nwfs-f08a42478a2515b29b787815a7ff382e{\npadding-bottom:10px;\nfont-size:70px;\n}\nbody .av-special-heading.av-kqi8nwfs-f08a42478a2515b29b787815a7ff382e .av-special-heading-tag .heading-char{\nfont-size:25px;\n}\n#top #wrap_all .av-special-heading.av-kqi8nwfs-f08a42478a2515b29b787815a7ff382e .av-special-heading-tag{\nfont-size:70px;\n}\n.av-special-heading.av-kqi8nwfs-f08a42478a2515b29b787815a7ff382e .av-subheading{\nfont-size:15px;\n}\n\n@media only screen and (min-width: 480px) and (max-width: 767px){ \n#top #wrap_all .av-special-heading.av-kqi8nwfs-f08a42478a2515b29b787815a7ff382e .av-special-heading-tag{\nfont-size:0.8em;\n}\n}\n\n@media only screen and (max-width: 479px){ \n#top #wrap_all .av-special-heading.av-kqi8nwfs-f08a42478a2515b29b787815a7ff382e .av-special-heading-tag{\nfont-size:0.8em;\n}\n}\n<\/style>\n<div  class='av-special-heading av-kqi8nwfs-f08a42478a2515b29b787815a7ff382e av-special-heading-h1 blockquote modern-quote  avia-builder-el-0  el_before_av_textblock  avia-builder-el-first  av-thin-font av-inherit-size'><h1 class='av-special-heading-tag '  itemprop=\"headline\"  >TEMI PRIORITARI PER IL SETTORE CARTARIO<strong>.<\/strong><\/h1><div class=\"special-heading-border\"><div class=\"special-heading-inner-border\"><\/div><\/div><\/div>\n<section  class='av_textblock_section av-kqi92ggi-776c6ca93b7393ebf59ac5f6d290c549 '   itemscope=\"itemscope\" itemtype=\"https:\/\/schema.org\/CreativeWork\" ><div class='avia_textblock'  itemprop=\"text\" ><p>L&#8217;elenco qui riportato riassume i temi di studio, ricerca &amp; sviluppo e trasferimento tecnologico di maggiore interesse per l\u2019industria cartaria.<\/p>\n<p>Questi temi, raccolti da Aticelca tra i propri soci, hanno carattere preferenziale nella valutazione delle tesi che saranno sottoposte nell&#8217;ambito della borsa di studio Aticelca &#8211; RDM Group SpA.<\/p>\n<p>Sei un socio di Aticelca e\u00a0 vuoi proporre un tema d\u2019interesse per la tua azienda?\u00a0 Vai nella tua Area personale, troverai il modulo con cui inviare le tue proposte. La tua proposta sar\u00e0 valutata dal Comitato tecnico di Aticelca.<\/p>\n<\/div><\/section>\n<div class='avia-data-table-wrap av-1g4p556-feca93dffb4722d9347e413304ec6fa2 avia_responsive_table avia-table-1'><table  class='avia-table avia-data-table avia_pricing_default  avia-builder-el-2  el_after_av_textblock  avia-builder-el-last '  itemscope=\"itemscope\" itemtype=\"https:\/\/schema.org\/Table\" ><tbody><tr class='avia-heading-row'><th class=''><\/p>\n<h3>TEMI PRIORITARI<\/h3>\n<p><\/th><th class=''><\/p>\n<h3>ESEMPI DI TEMI SPECIFICI D&#8217;INTERESSE<\/h3>\n<p><\/th><\/tr><tr class=''><td class=''>NUOVI MATERIALI, NUOVI PRODOTTI, NUOVE FIBRE PER LA PRODUZIONE DELLA CARTA<\/p>\n<p><\/td><td class=''>Materie prime alternative (quali ad esempio la canapa e altre piante stagionali, fibre di vetro, etc.) per la produzione di carta (tissue, per imballaggi, usi grafici e speciali), sia da fibre vergini che da riciclo;<br \/>\nProdotti chimici per migliorare le caratteristiche meccaniche della carta prodotta da fibra riciclata.<br \/>\n<\/td><\/tr><tr class=''><td class=''>RACCOLTA E RICICLO DELLA CARTA, RICICLABILITA\u2019 E COMPOSTABILITA\u2019 DEI PRODOTTI IN CARTA <\/td><td class=''>Gestione di contaminanti nella carta da riciclare, anche in relazione alle carte destinate al contatto con alimenti;<br \/>\nRiconoscimento automatico di frazioni estranee nella carta da riciclare all\u2019ingresso in cartiera;<br \/>\nRimozione di frazioni estranee nella carta da riciclare;<br \/>\nProblematiche organizzative e logistiche connesse con la raccolta e riciclo della carta;<br \/>\nProdotti chimici per migliorare le caratteristiche meccaniche della carta prodotta da fibra riciclata.<br \/>\n<\/td><\/tr><tr class=''><td class=''>OTTIMIZZAZIONE DELL\u2019IMPIEGO DELLE ACQUE DI CARTIERA E TRATTAMENTO DELLE ACQUE REFLUE<\/td><td class=''>Riduzione dell\u2019impiego di acqua e chiusura dei circuiti delle acque di processo;<br \/>\nTrattamento delle acque in ingresso;<br \/>\nTrattamento delle acque reflue e depurazione anaerobica.<br \/>\n<\/td><\/tr><tr class=''><td class=''>RIDUZIONE E RECUPERO DEI RIFIUTI E DEGLI SCARTI DI PROCESSO<\/td><td class=''>Recupero e nobilitazione dello scarto pulper per la produzione di nuove materie prime;<br \/>\nProduzione di metanolo dallo scarto di pulper;<br \/>\nRecupero e nobilitazione dei fanghi di cartiera, sia con prevalenza di materiale cellulosico che con prevalenza di materiale minerale;<br \/>\nProduzione di biochar a partire da scarti del settore cartario;<br \/>\nGenerazione di biogas a partire da biomasse di scarto, liquide o solide, delle cartiere.<br \/>\n<\/td><\/tr><tr class=''><td class=''>LOTTA AI CAMBIAMENTI CLIMATICI, EFFICIENZA ENERGETICA ED ENERGIE RINNOVABILI<\/td><td class=''>Riduzione dei consumi specifici nella fabbricazione della carta e\/o della cellulosa\/pastalegno;<br \/>\nRiduzione delle emissioni di anidride carbonica e\/o altri gas in atmosfera;<br \/>\nGenerazione di biogas a partire da biomasse di scarto, liquide o solide, delle cartiere;<br \/>\nDesolforizzazione per recupero ed utilizzo in caldaia del biogas generato da ciclo anaerobico.<br \/>\n<\/td><\/tr><tr class=''><td class=''>OTTIMIZZAZIONE DELL\u2019IMPIEGO DELLE FIBRE, RAFFINAZIONE E BIO-RAFFINAZIONE<\/td><td class=''>Raffinazione e influenza della morfologia fibre sulle caratteristiche di filtrazione, altre propriet\u00e0 delle fibre e per la presenza fini nell\u2019impasto;<br \/>\nTrattamento enzimatico sulle fibre ed effetti sulle caratteristiche finali del prodotto e per il risparmio energetico;<br \/>\nPreparazione impasti in funzione del cambiamento delle fibre cellulosiche.<br \/>\n<\/td><\/tr><tr class=''><td class=''>AUTOMAZIONE E DIGITALIZZAZIONE DEI PROCESSI CARTARI<\/td><td class=''>Riconoscimento automatico di frazioni estranee nella carta da riciclare all\u2019ingresso in cartiera;<br \/>\nAnalisi predittiva del controllo qualitativo durante la fabbricazione della carta;<br \/>\nGestione dei big data del processo cartario;<br \/>\nDigitalizzazione del controllo di processo per l\u2019ottimizzazione dei consumi (acqua, energia e materie prime) e la logistica;<br \/>\nSoluzioni di intelligenza artificiale per la manutenzione predittiva.<br \/>\n<\/td><\/tr><tr class=''><td class=''>TRATTAMENTI BARRIERANTI SU CARTA E CARTONE<\/td><td class=''>Trattamenti barriera su carta e cartone per sostituzione di prodotto in plastica in prodotti destinati al contatto con alimenti con caratteristiche di resistenza all\u2019acqua, ai grassi, al vapor d\u2019acqua, all\u2019ossigeno, termosaldabilit\u00e0 e flessibilit\u00e0 della barriera e con caratteristiche di riciclabilit\u00e0, compostabilit\u00e0 industriale e\/o domestica.<\/td><\/tr><tr class=''><td class=''>SICUREZZA PRODOTTI<\/td><td class=''>Gestione della sicurezza prodotti riferita a carta tissue e carte da imballaggio destinate al contatto con alimenti;<br \/>\nRiduzione della presenza di formaldeide nei prodotti di filtrazione e altre carte impregnate attraverso le ricette dei lattici di impregnazione.<br \/>\n<\/td><\/tr><\/tbody><\/table><\/div><style type='text\/css'>.avia-table-1 td:nth-of-type(1):before { content: '\nTEMI PRIORITARI\n'; } .avia-table-1 td:nth-of-type(2):before { content: '\nESEMPI DI TEMI SPECIFICI D\u2019INTERESSE\n'; } <\/style>\n","protected":false},"excerpt":{"rendered":"","protected":false},"author":1,"featured_media":0,"parent":1395,"menu_order":0,"comment_status":"closed","ping_status":"closed","template":"","meta":{"footnotes":""},"class_list":["post-2682","page","type-page","status-publish","hentry"],"yoast_head":"<!-- This site is optimized with the Yoast SEO plugin v25.5 - https:\/\/yoast.com\/wordpress\/plugins\/seo\/ -->\n<title>Temi prioritari - Aticelca<\/title>\n<meta name=\"robots\" content=\"index, follow, max-snippet:-1, max-image-preview:large, max-video-preview:-1\" \/>\n<link rel=\"canonical\" href=\"https:\/\/www.aticelca.it\/1\/borsa-di-studio\/temi-prioritari\/\" \/>\n<meta property=\"og:locale\" content=\"it_IT\" \/>\n<meta property=\"og:type\" content=\"article\" \/>\n<meta property=\"og:title\" content=\"Temi prioritari - Aticelca\" \/>\n<meta property=\"og:url\" content=\"https:\/\/www.aticelca.it\/1\/borsa-di-studio\/temi-prioritari\/\" \/>\n<meta property=\"og:site_name\" content=\"Aticelca\" \/>\n<meta property=\"article:modified_time\" content=\"2021-07-02T10:21:13+00:00\" \/>\n<meta name=\"twitter:card\" content=\"summary_large_image\" \/>\n<meta name=\"twitter:label1\" content=\"Tempo di lettura stimato\" \/>\n\t<meta name=\"twitter:data1\" content=\"3 minuti\" \/>\n<script type=\"application\/ld+json\" class=\"yoast-schema-graph\">{\"@context\":\"https:\/\/schema.org\",\"@graph\":[{\"@type\":\"WebPage\",\"@id\":\"https:\/\/www.aticelca.it\/1\/borsa-di-studio\/temi-prioritari\/\",\"url\":\"https:\/\/www.aticelca.it\/1\/borsa-di-studio\/temi-prioritari\/\",\"name\":\"Temi prioritari - Aticelca\",\"isPartOf\":{\"@id\":\"https:\/\/www.aticelca.it\/1\/#website\"},\"datePublished\":\"2021-06-29T16:16:40+00:00\",\"dateModified\":\"2021-07-02T10:21:13+00:00\",\"breadcrumb\":{\"@id\":\"https:\/\/www.aticelca.it\/1\/borsa-di-studio\/temi-prioritari\/#breadcrumb\"},\"inLanguage\":\"it-IT\",\"potentialAction\":[{\"@type\":\"ReadAction\",\"target\":[\"https:\/\/www.aticelca.it\/1\/borsa-di-studio\/temi-prioritari\/\"]}]},{\"@type\":\"BreadcrumbList\",\"@id\":\"https:\/\/www.aticelca.it\/1\/borsa-di-studio\/temi-prioritari\/#breadcrumb\",\"itemListElement\":[{\"@type\":\"ListItem\",\"position\":1,\"name\":\"Home\",\"item\":\"https:\/\/www.aticelca.it\/1\/network-dei-tecnici-della-carta-e-del-riciclo\/\"},{\"@type\":\"ListItem\",\"position\":2,\"name\":\"Borsa di studio\",\"item\":\"https:\/\/www.aticelca.it\/1\/borsa-di-studio\/\"},{\"@type\":\"ListItem\",\"position\":3,\"name\":\"Temi prioritari\"}]},{\"@type\":\"WebSite\",\"@id\":\"https:\/\/www.aticelca.it\/1\/#website\",\"url\":\"https:\/\/www.aticelca.it\/1\/\",\"name\":\"Aticelca\",\"description\":\"L&#039;associazione dei tecnici cartari italiani\",\"publisher\":{\"@id\":\"https:\/\/www.aticelca.it\/1\/#organization\"},\"potentialAction\":[{\"@type\":\"SearchAction\",\"target\":{\"@type\":\"EntryPoint\",\"urlTemplate\":\"https:\/\/www.aticelca.it\/1\/?s={search_term_string}\"},\"query-input\":{\"@type\":\"PropertyValueSpecification\",\"valueRequired\":true,\"valueName\":\"search_term_string\"}}],\"inLanguage\":\"it-IT\"},{\"@type\":\"Organization\",\"@id\":\"https:\/\/www.aticelca.it\/1\/#organization\",\"name\":\"Aticelca\",\"url\":\"https:\/\/www.aticelca.it\/1\/\",\"logo\":{\"@type\":\"ImageObject\",\"inLanguage\":\"it-IT\",\"@id\":\"https:\/\/www.aticelca.it\/1\/#\/schema\/logo\/image\/\",\"url\":\"https:\/\/www.aticelca.it\/1\/wp-content\/uploads\/2019\/07\/Aticelca.jpg\",\"contentUrl\":\"https:\/\/www.aticelca.it\/1\/wp-content\/uploads\/2019\/07\/Aticelca.jpg\",\"width\":1890,\"height\":1417,\"caption\":\"Aticelca\"},\"image\":{\"@id\":\"https:\/\/www.aticelca.it\/1\/#\/schema\/logo\/image\/\"}}]}<\/script>\n<!-- \/ Yoast SEO plugin. -->","yoast_head_json":{"title":"Temi prioritari - Aticelca","robots":{"index":"index","follow":"follow","max-snippet":"max-snippet:-1","max-image-preview":"max-image-preview:large","max-video-preview":"max-video-preview:-1"},"canonical":"https:\/\/www.aticelca.it\/1\/borsa-di-studio\/temi-prioritari\/","og_locale":"it_IT","og_type":"article","og_title":"Temi prioritari - Aticelca","og_url":"https:\/\/www.aticelca.it\/1\/borsa-di-studio\/temi-prioritari\/","og_site_name":"Aticelca","article_modified_time":"2021-07-02T10:21:13+00:00","twitter_card":"summary_large_image","twitter_misc":{"Tempo di lettura stimato":"3 minuti"},"schema":{"@context":"https:\/\/schema.org","@graph":[{"@type":"WebPage","@id":"https:\/\/www.aticelca.it\/1\/borsa-di-studio\/temi-prioritari\/","url":"https:\/\/www.aticelca.it\/1\/borsa-di-studio\/temi-prioritari\/","name":"Temi prioritari - Aticelca","isPartOf":{"@id":"https:\/\/www.aticelca.it\/1\/#website"},"datePublished":"2021-06-29T16:16:40+00:00","dateModified":"2021-07-02T10:21:13+00:00","breadcrumb":{"@id":"https:\/\/www.aticelca.it\/1\/borsa-di-studio\/temi-prioritari\/#breadcrumb"},"inLanguage":"it-IT","potentialAction":[{"@type":"ReadAction","target":["https:\/\/www.aticelca.it\/1\/borsa-di-studio\/temi-prioritari\/"]}]},{"@type":"BreadcrumbList","@id":"https:\/\/www.aticelca.it\/1\/borsa-di-studio\/temi-prioritari\/#breadcrumb","itemListElement":[{"@type":"ListItem","position":1,"name":"Home","item":"https:\/\/www.aticelca.it\/1\/network-dei-tecnici-della-carta-e-del-riciclo\/"},{"@type":"ListItem","position":2,"name":"Borsa di studio","item":"https:\/\/www.aticelca.it\/1\/borsa-di-studio\/"},{"@type":"ListItem","position":3,"name":"Temi prioritari"}]},{"@type":"WebSite","@id":"https:\/\/www.aticelca.it\/1\/#website","url":"https:\/\/www.aticelca.it\/1\/","name":"Aticelca","description":"L&#039;associazione dei tecnici cartari italiani","publisher":{"@id":"https:\/\/www.aticelca.it\/1\/#organization"},"potentialAction":[{"@type":"SearchAction","target":{"@type":"EntryPoint","urlTemplate":"https:\/\/www.aticelca.it\/1\/?s={search_term_string}"},"query-input":{"@type":"PropertyValueSpecification","valueRequired":true,"valueName":"search_term_string"}}],"inLanguage":"it-IT"},{"@type":"Organization","@id":"https:\/\/www.aticelca.it\/1\/#organization","name":"Aticelca","url":"https:\/\/www.aticelca.it\/1\/","logo":{"@type":"ImageObject","inLanguage":"it-IT","@id":"https:\/\/www.aticelca.it\/1\/#\/schema\/logo\/image\/","url":"https:\/\/www.aticelca.it\/1\/wp-content\/uploads\/2019\/07\/Aticelca.jpg","contentUrl":"https:\/\/www.aticelca.it\/1\/wp-content\/uploads\/2019\/07\/Aticelca.jpg","width":1890,"height":1417,"caption":"Aticelca"},"image":{"@id":"https:\/\/www.aticelca.it\/1\/#\/schema\/logo\/image\/"}}]}},"_links":{"self":[{"href":"https:\/\/www.aticelca.it\/1\/wp-json\/wp\/v2\/pages\/2682"}],"collection":[{"href":"https:\/\/www.aticelca.it\/1\/wp-json\/wp\/v2\/pages"}],"about":[{"href":"https:\/\/www.aticelca.it\/1\/wp-json\/wp\/v2\/types\/page"}],"author":[{"embeddable":true,"href":"https:\/\/www.aticelca.it\/1\/wp-json\/wp\/v2\/users\/1"}],"replies":[{"embeddable":true,"href":"https:\/\/www.aticelca.it\/1\/wp-json\/wp\/v2\/comments?post=2682"}],"version-history":[{"count":17,"href":"https:\/\/www.aticelca.it\/1\/wp-json\/wp\/v2\/pages\/2682\/revisions"}],"predecessor-version":[{"id":2715,"href":"https:\/\/www.aticelca.it\/1\/wp-json\/wp\/v2\/pages\/2682\/revisions\/2715"}],"up":[{"embeddable":true,"href":"https:\/\/www.aticelca.it\/1\/wp-json\/wp\/v2\/pages\/1395"}],"wp:attachment":[{"href":"https:\/\/www.aticelca.it\/1\/wp-json\/wp\/v2\/media?parent=2682"}],"curies":[{"name":"wp","href":"https:\/\/api.w.org\/{rel}","templated":true}]}}